Let h = k + m. What is the tens digit of h?
6
Let a = 13826 - 8642. What is the units digit of a?
4
Let f = 38 + -35. Suppose 4*j = 5*b + 573, f*b = b + 3*j - 225. What is the hundreds digit of 0 + (10/(-5) - b)?
1
Let n(v) = -30*v**2 - 7*v - 43. Let d be n(-6). What is the tens digit of (-1 - (-2)/3) + d/(-3)?
6
Let u(v) = -139*v - 49. Let b(g) = -137*g - 49. Let j(q) = 7*b(q) - 6*u(q). What is the units digit of j(-6)?
1
Suppose 3*n - 50 = y, y - 10 = 2*y + 5*n. Let t(a) = 15*a**2 + 3*a - 2. Let p be t(2). Let l = y + p. What is the tens digit of l?
2
Let q = 14 + 19. Let w = -29 + q. What is the units digit of 20/1*w/10 - 0?
8
Suppose -3*r + 132 = r. Suppose -5*d = 4*x - 25 + 8, 2*x - 21 = -5*d. Let l = r + x. What is the units digit of l?
1
Suppose u - 5*u - w + 17920 = 0, u + 3*w - 4491 = 0. Suppose 0 = -14*l + 2171 + u. What is the units digit of l?
5
Suppose -49*q = -47*q - 2506. Let b = q - 322. What is the tens digit of b?
3
Let n(s) = 5*s**2 + 14*s + 72. What is the hundreds digit of n(27)?
0
Let r(y) = y**2 + 8*y + 16. Let c be r(-6). Suppose 5*k - 1607 = -c*z, -1273 = k - 5*k + z. What is the hundreds digit of k?
3
Suppose 52*j - 1401934 = 72422. What is the tens digit of j?
5
Let n = 54010 - 1176. What is the units digit of n?
4
Suppose 262*x - 1034665 - 244419 = 0. What is the hundreds digit of x?
8
Suppose 264939 = 56*i + 17*i - 66773. What is the tens digit of i?
4
Let x(w) = -7*w - 49. Suppose -h - 54 = 3*h + 3*z, 3*h - 3*z = -51. Let m be x(h). Suppose -211 = -s + m. What is the tens digit of s?
6
Let f(o) be the second derivative of 7/2*o**2 - 19*o + 0 - o**3. What is the units digit of f(-2)?
9
Let l = 607 + -34. Suppose 5*o - 2879 = 4*q, -l = -o - 3*q + q. What is the units digit of o?
5
Let w = -37508 - -63480. What is the hundreds digit of w?
9
Let k(p) = -81*p + 10. Let x be k(-4). Suppose l + 107 = -2*a, 78 + x = -4*l - 4*a. What is the units digit of -27*((-10)/18 + (-22)/l)?
9
Let q(a) = -21*a - 73*a**2 - 36 + 34*a**2 + 43*a**2 - 20*a. What is the hundreds digit of q(18)?
5
Suppose -4*n + 33 = n - 2*q, -2*q + 12 = 4*n. Suppose n*f + f = 0. Suppose 10*k - 14*k + 68 = f. What is the tens digit of k?
1
Let q be 2/13 + (-1207)/(-13). Suppose -q = 15*d - 483. What is the tens digit of d?
2
Let v(h) = 343*h**2 - 110*h + 440. What is the units digit of v(4)?
8
Let y = -3824 + 8475. What is the units digit of y?
1
Let a(h) = 31*h**2 - 17*h + 2. Let s(g) = -g**2 - g + 23. Let q be s(4). What is the hundreds digit of a(q)?
2
Let l(h) = -2*h + 3. Let t be l(-5). Let o be 1 + -5 + t + -9. Suppose o = -26*x + 9*x + 4692. What is the tens digit of x?
7
Let r(h) be the first derivative of h**3/3 + 2*h**2 + 2*h - 1. Let y(o) = -2*o + 34. Let b be y(14). What is the units digit of r(b)?
2
Suppose -327292 = -16*r - 12508. What is the units digit of r?
4
Let k = 8945 + -6788. What is the thousands digit of k?
2
Let o(j) = j**2 + 36*j + 11. Let r(t) = t**2 + 36*t + 9. Let k(m) = 3*o(m) - 4*r(m). What is the tens digit of k(-20)?
1
Suppose -7*s + 9*s + 75 = 5*y, 4*y - 4*s - 72 = 0. Suppose 18*g - 3245 = y*g. What is the tens digit of g?
4
Suppose t = 7, 2*g + 6*t - 85077 = 5*t. What is the hundreds digit of g?
5
Let d(y) = 381*y**2 + 17*y + 42. Let w be d(-2). Let l = w - 940. What is the hundreds digit of l?
5
Suppose 0 = -149*f + 123*f + 1417676. What is the thousands digit of f?
4
What is the units digit of ((-144)/891)/8*-11 + (-625066)/(-9)?
2
Suppose 210*l + 248880 = -222*l + 448*l. What is the units digit of l?
5
Let i = -2 - -5. Let w = -3325 - -3589. Suppose -i*l + w = -147. What is the units digit of l?
7
Suppose -1554*t + 1568*t + 10 = -18. Let d(o) be the third derivative of 2*o**5/5 + o**4/24 + 2*o**3/3 - o**2. What is the tens digit of d(t)?
9
Suppose 0 = 3*s - 2*b - 3, 5*s = 3*b + 5 + 1. Suppose -4*f + 2*d + 803 = -1949, -2062 = -s*f + d. What is the units digit of f?
6
Let c(p) = 4*p**3 - 23*p + 17 + p**2 + 2 + 16 - 20. What is the units digit of c(7)?
5
Let z(b) = 20*b**2 + 15*b + 24. Suppose w + 1 = n - 2, w + 5*n - 3 = 0. What is the units digit of z(w)?
4
Suppose -10*j - 1624 = -8114. Suppose 410 + j = 3*o. What is the units digit of o?
3
Suppose -59*j - 4*f = -62*j + 35263, -3*f - 47001 = -4*j. What is the units digit of j?
5
Let z(l) = -4*l**3 - 11*l**2 + 27*l + 132. What is the thousands digit of z(-10)?
2
Suppose -2*a - 3 - 3 = 0, 3*c + 3*a = -27. What is the hundreds digit of (2361/c)/(-4 + (-35)/(-10))?
7
Let j be -5 - 12/((-27)/(-6) - 6). Suppose 7465 = 5*s + 5*m, -3*m - 4469 = -j*s - m. What is the thousands digit of s?
1
Let q(n) = 13*n**2 + 68*n - 157. What is the tens digit of q(-27)?
8
Let v = -2 - -130. Let u = 248 - v. Suppose -2 = 2*g - u. What is the tens digit of g?
5
Let c be (3/(27/(-6)))/((-6)/(-63)). Let a be (-281)/c + 4/(-28). What is the tens digit of a/4 - (1 - 1/1)?
1
Suppose r = -3*i - 0*r + 15, 0 = 5*r - 15. Let n be (-1*i)/(((-30)/(-155))/(-3)). Suppose 5*s = n + 458. What is the tens digit of s?
0
Suppose -2054*d - 3237 = -2057*d + 5*o, 4*d = 3*o + 4294. What is the tens digit of d?
6
Let a = -10277 - -101611. What is the thousands digit of a?
1
Suppose -2*t + 12*w + 17524 = 15*w, 4*w + 32 = 0. What is the thousands digit of t?
8
Let i(b) = -b**3 - 3*b**2 - 5*b + 4. Let w be 942/(-18) - 2/3. Let v = w + 48. What is the units digit of i(v)?
9
What is the units digit of -2*(271086/(-12) + 19)?
3
Suppose 0 = -538*a + 548*a - 78710. What is the units digit of a?
1
Let g(f) = -38 - 44*f**3 + 35 - 7*f**2 + 11*f**2 - 5*f - f. What is the tens digit of g(-2)?
7
Suppose -2*i = -3*o - 5282, -4*i + 209*o - 206*o + 10552 = 0. What is the tens digit of i?
3
Suppose -596 + 2151 = 5*o. Suppose 5*h - o = 489. Suppose -j = 3*r - 158, -j - 3*r + r = -h. What is the hundreds digit of j?
1
Suppose 0 = -28*l - 37*l + 13*l + 398892. What is the tens digit of l?
7
Let x(y) = 7*y. Let k be x(0). Suppose h + 0*n = 3*n + 364, 5*h - 3*n - 1856 = k. What is the hundreds digit of h?
3
What is the tens digit of 799043/63 + ((-12)/81)/(24/36)?
8
Let m(q) = -132*q + 753. What is the tens digit of m(-92)?
9
Let s = 13548 - 7292. What is the hundreds digit of s?
2
Let t be (4 - 0)*(26/8 - 2). Suppose -t*v + v = -4. What is the units digit of -2 - (-42 + 4*v/4)?
9
Let y be 5 + ((-32)/112 - 80593/(-7)). Suppose 0 = -24*l - y + 50470. What is the hundreds digit of l?
6
Let n(k) = 10*k**2 + 6*k - 19. Let v be n(6). Let y = v - 142. What is the tens digit of y?
3
Let i = -71 - -99. Let c = -26 + i. Suppose 11*q = c*q + 234. What is the units digit of q?
6
Let k(q) = 4 - 7*q - 3*q - 3 + q. Let a(r) = -10*r + 1. Let j(y) = -6*a(y) + 5*k(y). What is the tens digit of j(9)?
3
Let j be (-18 - 0)*(3/(-1))/9. Let q(h) = 4*h**2 + 2*h + 11. Let t be q(j). Suppose 5*i - 493 = t. What is the tens digit of i?
3
Let y(n) = -n**2. Let v(d) = -3*d**3 + 5*d**2 - 6*d + 2. Let c(j) = -v(j) - 2*y(j). What is the units digit of c(6)?
4
Let o be ((-370)/4)/(-5)*(48 - 10). Suppose -3340 = -o*z + 699*z. What is the units digit of z?
5
Let r(x) = 258*x**2 + 107*x + 756. What is the units digit of r(-6)?
2
Let y(x) = -x**3 - 16*x**2 - 12*x + 2. Let f be y(-15). Let h = f - -51. Suppose 6*l - h*l + 48 = 0. What is the units digit of l?
4
Suppose 0 = -2*j - 2*q + 106, 42 + 162 = 4*j - 4*q. Let a = 1377 + j. What is the tens digit of a?
2
Let v(u) be the second derivative of -1/20*u**5 + 4*u**2 - 11/6*u**3 - 5/6*u**4 - 11*u + 0. What is the tens digit of v(-9)?
2
Suppose -84*n + 43*n - 38674 = -43*n. What is the units digit of n?
7
Suppose -56*t + 3416875 = 21*t. What is the thousands digit of t?
4
Suppose 0 = -2*k - 29 - 9. Let p be 60/(-80) - (k/4 - 0). Suppose 0 = -2*v + 3*j + 31, -2*v + p*j - 14 = -44. What is the units digit of v?
7
Let s = -4410 - -2851. Let z = s - -2413. What is the units digit of z?
4
Suppose -333685 + 2652949 = 48*h. What is the ten thousands digit of h?
4
Let c be (-4 - (-32)/6)/(1/(-3)). Let b be 1/(c - (-21)/5). Suppose 5*j = 20, b*j - 213 = -3*n + 158. What is the tens digit of n?
1
Let p be (-2)/(-5) + 26/10. Suppose -3*k = -p*g - 1023, 10*k - 5*g + 329 = 11*k. What is the tens digit of k?
3
Suppose 5*m = -n + 123876 + 250449, 299444 = 4*m + 4*n. What is the hundreds digit of m?
8
Let g(j) = 191*j**2 - j + 7. Suppose 